{"id":249,"date":"2021-09-04T10:51:51","date_gmt":"2021-09-04T10:51:51","guid":{"rendered":"https:\/\/divi.webzy.pro\/liisemberg\/?page_id=249"},"modified":"2021-09-04T14:25:29","modified_gmt":"2021-09-04T14:25:29","slug":"aupairameerika","status":"publish","type":"page","link":"https:\/\/divi.webzy.pro\/liisemberg\/aupairameerika\/","title":{"rendered":"Au Pair in America"},"content":{"rendered":"[et_pb_section fb_built=&#8221;1&#8243; _builder_version=&#8221;4.10.4&#8243; _module_preset=&#8221;default&#8221; global_colors_info=&#8221;{}&#8221;][et_pb_row _builder_version=&#8221;4.10.4&#8243; _module_preset=&#8221;default&#8221; global_colors_info=&#8221;{}&#8221;][et_pb_column type=&#8221;4_4&#8243; _builder_version=&#8221;4.10.4&#8243; _module_preset=&#8221;default&#8221; global_colors_info=&#8221;{}&#8221;][et_pb_text _builder_version=&#8221;4.10.4&#8243; _module_preset=&#8221;default&#8221; global_colors_info=&#8221;{}&#8221;]<p><strong>Toode 1<\/strong><\/p>[\/et_pb_text][\/et_pb_column][\/et_pb_row][et_pb_row _builder_version=&#8221;4.10.4&#8243; _module_preset=&#8221;default&#8221; column_structure=&#8221;1_3,1_3,1_3&#8243;][et_pb_column _builder_version=&#8221;4.10.4&#8243; _module_preset=&#8221;default&#8221; type=&#8221;1_3&#8243;][et_pb_image src=&#8221;https:\/\/divi.webzy.pro\/liisemberg\/wp-content\/uploads\/sites\/105\/2021\/09\/Untitled-design-3-1.png&#8221; _builder_version=&#8221;4.10.4&#8243; _module_preset=&#8221;default&#8221; title_text=&#8221;Untitled design (3)&#8221; hover_enabled=&#8221;0&#8243; sticky_enabled=&#8221;0&#8243;][\/et_pb_image][\/et_pb_column][et_pb_column _builder_version=&#8221;4.10.4&#8243; _module_preset=&#8221;default&#8221; type=&#8221;1_3&#8243;][et_pb_text _builder_version=&#8221;4.10.4&#8243; _module_preset=&#8221;default&#8221; hover_enabled=&#8221;0&#8243; sticky_enabled=&#8221;0&#8243;]<div id=\"comp-imc4ayg4\" class=\"_1Q9if\" data-testid=\"richTextElement\">\n<h2 class=\"font_2\"><span class=\"color_19\"><span>TINGIMUSED<\/span><\/span><\/h2>\n<\/div>\n<div id=\"comp-imc4ayg3\" class=\"_1Q9if\" data-testid=\"richTextElement\">\n<p class=\"font_7\"><span class=\"wixGuard\">\u200b<\/span>\u200b<\/p>\n<ul class=\"font_7 color_19\">\n<li>\n<p class=\"font_7\"><span><span class=\"color_19\">Vanus 18 &#8211; 26 aastat (k.a)<\/span><\/span><\/p>\n<\/li>\n<li>\n<p class=\"font_7\"><span><span class=\"color_19\">Autojuhiload ja s\u00f5idukogemus<\/span><\/span><\/p>\n<\/li>\n<li>\n<p class=\"font_7\"><span><span class=\"color_19\">Sulle meeldib lastega tegeleda<\/span><\/span><\/p>\n<\/li>\n<li>\n<p class=\"font_7\"><span><span class=\"color_19\">Praktiline lapsehoidmise kogemus viimase 3&#8217;e aasta jooksul<\/span><\/span><\/p>\n<\/li>\n<li>\n<p class=\"font_7\"><span><span class=\"color_19\">\u00a0v\u00e4hemalt 200h. Kogemus ei pea olema ametlik<\/span><\/span><\/p>\n<\/li>\n<li>\n<p class=\"font_7\"><span><span class=\"color_19\">Keskkooli haridus<\/span><\/span><\/p>\n<\/li>\n<li>\n<p class=\"font_7\"><span><span class=\"color_19\">Inglise keele tase suhtlustasandil<\/span><\/span><\/p>\n<\/li>\n<li>\n<p class=\"font_7\"><span><span class=\"color_19\">Ei oma kriminaalset tausta<\/span><\/span><\/p>\n<\/li>\n<li>\n<p class=\"font_7\"><span><span class=\"color_19\">Ei ole lapsi ning ei ole abielus<\/span><\/span><\/p>\n<\/li>\n<li>\n<p class=\"font_7\"><span><span class=\"color_19\">Oled valmis veetma 12 kuud USA&#8217;s<\/span><\/span><\/p>\n<\/li>\n<\/ul>\n<\/div>[\/et_pb_text][\/et_pb_column][et_pb_column _builder_version=&#8221;4.10.4&#8243; _module_preset=&#8221;default&#8221; type=&#8221;1_3&#8243;][et_pb_text _builder_version=&#8221;4.10.4&#8243; _module_preset=&#8221;default&#8221; hover_enabled=&#8221;0&#8243; sticky_enabled=&#8221;0&#8243;]<div id=\"comp-imc4ayg32\" class=\"_1Q9if\" data-testid=\"richTextElement\">\n<h2 class=\"font_2\"><span><span class=\"color_19\">PROGRAMM TAGAB<\/span><\/span><\/h2>\n<\/div>\n<div id=\"comp-imc4ayg31\" class=\"_1Q9if\" data-testid=\"richTextElement\">\n<ul class=\"font_7 color_19\">\n<li>\n<p class=\"font_7\"><span class=\"color_19\"><span>Au Pair t\u00f6\u00f6tab maksimaalselt 45 tundi n\u00e4dalas<\/span><\/span><\/p>\n<\/li>\n<li>\n<p class=\"font_7\"><span class=\"color_19\"><span>Minimaalne igan\u00e4dalane stipendium 195, 75USD\u00a0&#8211; (\u00fcle 10 000\u00a0USD aastas)<\/span><\/span><\/p>\n<\/li>\n<li>\n<p class=\"font_7\"><span class=\"color_19\"><span>Pere poolt on lisaks taskurahale elamiskulud ja toidlustus<\/span><\/span><\/p>\n<\/li>\n<li>\n<p class=\"font_7\"><span class=\"color_19\"><span>\u00d5ppeaega on kuni 3 tundi n\u00e4dalas<\/span><\/span><\/p>\n<\/li>\n<li>\n<p class=\"font_7\"><span class=\"color_19\"><span>Au Pair saab \u00f5ppetoetust 500USD aastas<\/span><\/span><\/p>\n<\/li>\n<li>\n<p class=\"font_7\"><span class=\"color_19\"><span>Pere kompenseerib Au Pairile tavakindlustuse kaitse<\/span><\/span><\/p>\n<\/li>\n<li>\n<p class=\"font_7\"><span class=\"color_19\"><span>Ainult Au\u00a0Pair in America programmi raames on Sinul v\u00f5imalik \u00f5ppetoetust kasutada, et \u00f5ppida\u00a0University of California\u00a0\u00fclikoolis.\u00a0<\/span><\/span><\/p>\n<\/li>\n<\/ul>\n<\/div>[\/et_pb_text][\/et_pb_column][\/et_pb_row][et_pb_row _builder_version=&#8221;4.10.4&#8243; _module_preset=&#8221;default&#8221; column_structure=&#8221;1_3,1_3,1_3&#8243;][et_pb_column _builder_version=&#8221;4.10.4&#8243; _module_preset=&#8221;default&#8221; type=&#8221;1_3&#8243;][et_pb_text _builder_version=&#8221;4.10.4&#8243; _module_preset=&#8221;default&#8221; hover_enabled=&#8221;0&#8243; sticky_enabled=&#8221;0&#8243;]<div id=\"comp-k2q4ppm0\" class=\"_1Q9if\" data-testid=\"richTextElement\">\n<h2 class=\"font_2\"><span class=\"color_19\"><span>KULUD<\/span><\/span><\/h2>\n<\/div>\n<div id=\"comp-k2q4qd9b\" class=\"_1Q9if\" data-testid=\"richTextElement\">\n<ul class=\"font_7 color_19\">\n<li>\n<p class=\"font_8\"><span><span class=\"color_19\">Programmitasu on varieeruv vastavalt programmile<\/span><\/span><\/p>\n<\/li>\n<li>\n<p class=\"font_8\"><span><span class=\"color_19\">Lisakindlustus (valikuline) kuni 495EUR\u00a0\u00a0 \u00a0<\/span><\/span><\/p>\n<\/li>\n<li>\n<p class=\"font_8\"><span><span class=\"color_19\">Visatasu Ameerika Saatkonnale, kui pere on olemas 160USD<\/span><\/span><\/p>\n<\/li>\n<li>\n<p class=\"font_8\"><span><span class=\"color_19\">Programmitasud maksad\u00a0alles siis, kui pere ja viisa on olemas!<\/span><\/span><\/p>\n<\/li>\n<\/ul>\n<\/div>[\/et_pb_text][\/et_pb_column][et_pb_column _builder_version=&#8221;4.10.4&#8243; _module_preset=&#8221;default&#8221; type=&#8221;1_3&#8243;][et_pb_image src=&#8221;https:\/\/divi.webzy.pro\/liisemberg\/wp-content\/uploads\/sites\/105\/2021\/09\/Explore-the-World.png&#8221; _builder_version=&#8221;4.10.4&#8243; _module_preset=&#8221;default&#8221; title_text=&#8221;Explore the World&#8221; hover_enabled=&#8221;0&#8243; sticky_enabled=&#8221;0&#8243;][\/et_pb_image][\/et_pb_column][et_pb_column _builder_version=&#8221;4.10.4&#8243; _module_preset=&#8221;default&#8221; type=&#8221;1_3&#8243;][et_pb_button button_text=&#8221;Registreeru SIIN&#8221; _builder_version=&#8221;4.10.4&#8243; _module_preset=&#8221;default&#8221; hover_enabled=&#8221;0&#8243; sticky_enabled=&#8221;0&#8243; button_url=&#8221;https:\/\/www.myaupairinamerica.com\/register&#8221; url_new_window=&#8221;on&#8221;][\/et_pb_button][\/et_pb_column][\/et_pb_row][\/et_pb_section]<span class=\"et_bloom_bottom_trigger\"><\/span>","protected":false},"excerpt":{"rendered":"<p>Toode 1 TINGIMUSED \u200b\u200b Vanus 18 &#8211; 26 aastat (k.a) Autojuhiload ja s\u00f5idukogemus Sulle meeldib lastega tegeleda Praktiline lapsehoidmise kogemus viimase 3&#8217;e aasta jooksul \u00a0v\u00e4hemalt 200h. Kogemus ei pea olema ametlik Keskkooli haridus Inglise keele tase suhtlustasandil Ei oma kriminaalset tausta Ei ole lapsi ning ei ole abielus Oled valmis veetma 12 kuud USA&#8217;s PROGRAMM [&hellip;]<\/p>\n","protected":false},"author":85,"featured_media":0,"parent":0,"menu_order":0,"comment_status":"closed","ping_status":"closed","template":"","meta":{"_et_pb_use_builder":"on","_et_pb_old_content":"","_et_gb_content_width":"","footnotes":""},"class_list":["post-249","page","type-page","status-publish","hentry"],"yoast_head":"<!-- This site is optimized with the Yoast SEO plugin v23.8 - https:\/\/yoast.com\/wordpress\/plugins\/seo\/ -->\n<title>Veeda aasta au pairina Ameerikas.<\/title>\n<meta name=\"description\" content=\"Au Pair in America on rahvusvaheline \u00f5ppeprogramm Ameerikas, mis pakub suurep\u00e4rast v\u00f5imalust \u00f5ppida keelt, reisida ning tutvuda huvitavate inimestega.\" \/>\n<meta name=\"robots\" content=\"index, follow, max-snippet:-1, max-image-preview:large, max-video-preview:-1\" \/>\n<link rel=\"canonical\" href=\"https:\/\/divi.webzy.pro\/liisemberg\/aupairameerika\/\" \/>\n<meta property=\"og:locale\" content=\"et_EE\" \/>\n<meta property=\"og:type\" content=\"article\" \/>\n<meta property=\"og:title\" content=\"Veeda aasta au pairina Ameerikas.\" \/>\n<meta property=\"og:description\" content=\"Au Pair in America on rahvusvaheline \u00f5ppeprogramm Ameerikas, mis pakub suurep\u00e4rast v\u00f5imalust \u00f5ppida keelt, reisida ning tutvuda huvitavate inimestega.\" \/>\n<meta property=\"og:url\" content=\"https:\/\/divi.webzy.pro\/liisemberg\/aupairameerika\/\" \/>\n<meta property=\"og:site_name\" content=\"liisemberg\" \/>\n<meta property=\"article:modified_time\" content=\"2021-09-04T14:25:29+00:00\" \/>\n<meta name=\"twitter:card\" content=\"summary_large_image\" \/>\n<meta name=\"twitter:label1\" content=\"Est. reading time\" \/>\n\t<meta name=\"twitter:data1\" content=\"1 minut\" \/>\n<script type=\"application\/ld+json\" class=\"yoast-schema-graph\">{\"@context\":\"https:\/\/schema.org\",\"@graph\":[{\"@type\":\"WebPage\",\"@id\":\"https:\/\/divi.webzy.pro\/liisemberg\/aupairameerika\/\",\"url\":\"https:\/\/divi.webzy.pro\/liisemberg\/aupairameerika\/\",\"name\":\"Veeda aasta au pairina Ameerikas.\",\"isPartOf\":{\"@id\":\"https:\/\/divi.webzy.pro\/liisemberg\/#website\"},\"datePublished\":\"2021-09-04T10:51:51+00:00\",\"dateModified\":\"2021-09-04T14:25:29+00:00\",\"description\":\"Au Pair in America on rahvusvaheline \u00f5ppeprogramm Ameerikas, mis pakub suurep\u00e4rast v\u00f5imalust \u00f5ppida keelt, reisida ning tutvuda huvitavate inimestega.\",\"breadcrumb\":{\"@id\":\"https:\/\/divi.webzy.pro\/liisemberg\/aupairameerika\/#breadcrumb\"},\"inLanguage\":\"et\",\"potentialAction\":[{\"@type\":\"ReadAction\",\"target\":[\"https:\/\/divi.webzy.pro\/liisemberg\/aupairameerika\/\"]}]},{\"@type\":\"BreadcrumbList\",\"@id\":\"https:\/\/divi.webzy.pro\/liisemberg\/aupairameerika\/#breadcrumb\",\"itemListElement\":[{\"@type\":\"ListItem\",\"position\":1,\"name\":\"Home\",\"item\":\"https:\/\/divi.webzy.pro\/liisemberg\/\"},{\"@type\":\"ListItem\",\"position\":2,\"name\":\"Au Pair in America\"}]},{\"@type\":\"WebSite\",\"@id\":\"https:\/\/divi.webzy.pro\/liisemberg\/#website\",\"url\":\"https:\/\/divi.webzy.pro\/liisemberg\/\",\"name\":\"liisemberg\",\"description\":\"J\u00e4rjekordne Website 5 minutiga veebileht\",\"potentialAction\":[{\"@type\":\"SearchAction\",\"target\":{\"@type\":\"EntryPoint\",\"urlTemplate\":\"https:\/\/divi.webzy.pro\/liisemberg\/?s={search_term_string}\"},\"query-input\":{\"@type\":\"PropertyValueSpecification\",\"valueRequired\":true,\"valueName\":\"search_term_string\"}}],\"inLanguage\":\"et\"}]}<\/script>\n<!-- \/ Yoast SEO plugin. -->","yoast_head_json":{"title":"Veeda aasta au pairina Ameerikas.","description":"Au Pair in America on rahvusvaheline \u00f5ppeprogramm Ameerikas, mis pakub suurep\u00e4rast v\u00f5imalust \u00f5ppida keelt, reisida ning tutvuda huvitavate inimestega.","robots":{"index":"index","follow":"follow","max-snippet":"max-snippet:-1","max-image-preview":"max-image-preview:large","max-video-preview":"max-video-preview:-1"},"canonical":"https:\/\/divi.webzy.pro\/liisemberg\/aupairameerika\/","og_locale":"et_EE","og_type":"article","og_title":"Veeda aasta au pairina Ameerikas.","og_description":"Au Pair in America on rahvusvaheline \u00f5ppeprogramm Ameerikas, mis pakub suurep\u00e4rast v\u00f5imalust \u00f5ppida keelt, reisida ning tutvuda huvitavate inimestega.","og_url":"https:\/\/divi.webzy.pro\/liisemberg\/aupairameerika\/","og_site_name":"liisemberg","article_modified_time":"2021-09-04T14:25:29+00:00","twitter_card":"summary_large_image","twitter_misc":{"Est. reading time":"1 minut"},"schema":{"@context":"https:\/\/schema.org","@graph":[{"@type":"WebPage","@id":"https:\/\/divi.webzy.pro\/liisemberg\/aupairameerika\/","url":"https:\/\/divi.webzy.pro\/liisemberg\/aupairameerika\/","name":"Veeda aasta au pairina Ameerikas.","isPartOf":{"@id":"https:\/\/divi.webzy.pro\/liisemberg\/#website"},"datePublished":"2021-09-04T10:51:51+00:00","dateModified":"2021-09-04T14:25:29+00:00","description":"Au Pair in America on rahvusvaheline \u00f5ppeprogramm Ameerikas, mis pakub suurep\u00e4rast v\u00f5imalust \u00f5ppida keelt, reisida ning tutvuda huvitavate inimestega.","breadcrumb":{"@id":"https:\/\/divi.webzy.pro\/liisemberg\/aupairameerika\/#breadcrumb"},"inLanguage":"et","potentialAction":[{"@type":"ReadAction","target":["https:\/\/divi.webzy.pro\/liisemberg\/aupairameerika\/"]}]},{"@type":"BreadcrumbList","@id":"https:\/\/divi.webzy.pro\/liisemberg\/aupairameerika\/#breadcrumb","itemListElement":[{"@type":"ListItem","position":1,"name":"Home","item":"https:\/\/divi.webzy.pro\/liisemberg\/"},{"@type":"ListItem","position":2,"name":"Au Pair in America"}]},{"@type":"WebSite","@id":"https:\/\/divi.webzy.pro\/liisemberg\/#website","url":"https:\/\/divi.webzy.pro\/liisemberg\/","name":"liisemberg","description":"J\u00e4rjekordne Website 5 minutiga veebileht","potentialAction":[{"@type":"SearchAction","target":{"@type":"EntryPoint","urlTemplate":"https:\/\/divi.webzy.pro\/liisemberg\/?s={search_term_string}"},"query-input":{"@type":"PropertyValueSpecification","valueRequired":true,"valueName":"search_term_string"}}],"inLanguage":"et"}]}},"_links":{"self":[{"href":"https:\/\/divi.webzy.pro\/liisemberg\/wp-json\/wp\/v2\/pages\/249","targetHints":{"allow":["GET"]}}],"collection":[{"href":"https:\/\/divi.webzy.pro\/liisemberg\/wp-json\/wp\/v2\/pages"}],"about":[{"href":"https:\/\/divi.webzy.pro\/liisemberg\/wp-json\/wp\/v2\/types\/page"}],"author":[{"embeddable":true,"href":"https:\/\/divi.webzy.pro\/liisemberg\/wp-json\/wp\/v2\/users\/85"}],"replies":[{"embeddable":true,"href":"https:\/\/divi.webzy.pro\/liisemberg\/wp-json\/wp\/v2\/comments?post=249"}],"version-history":[{"count":11,"href":"https:\/\/divi.webzy.pro\/liisemberg\/wp-json\/wp\/v2\/pages\/249\/revisions"}],"predecessor-version":[{"id":301,"href":"https:\/\/divi.webzy.pro\/liisemberg\/wp-json\/wp\/v2\/pages\/249\/revisions\/301"}],"wp:attachment":[{"href":"https:\/\/divi.webzy.pro\/liisemberg\/wp-json\/wp\/v2\/media?parent=249"}],"curies":[{"name":"wp","href":"https:\/\/api.w.org\/{rel}","templated":true}]}}