{"id":305,"date":"2021-09-10T16:48:47","date_gmt":"2021-09-10T16:48:47","guid":{"rendered":"https:\/\/divi.webzy.pro\/liisemberg\/?page_id=305"},"modified":"2021-09-10T16:48:47","modified_gmt":"2021-09-10T16:48:47","slug":"tanan-leht","status":"publish","type":"page","link":"https:\/\/divi.webzy.pro\/liisemberg\/tanan-leht\/","title":{"rendered":"T\u00e4nan leht"},"content":{"rendered":"[et_pb_section fb_built=&#8221;1&#8243; _builder_version=&#8221;4.10.4&#8243; _module_preset=&#8221;default&#8221;][et_pb_row _builder_version=&#8221;4.10.4&#8243; _module_preset=&#8221;default&#8221;][et_pb_column _builder_version=&#8221;4.10.4&#8243; _module_preset=&#8221;default&#8221; type=&#8221;4_4&#8243;][et_pb_text _builder_version=&#8221;4.10.4&#8243; _module_preset=&#8221;default&#8221; hover_enabled=&#8221;0&#8243; sticky_enabled=&#8221;0&#8243;]<p><span>T\u00e4name. Vastame esimesel v\u00f5imalused.<\/span><\/p>[\/et_pb_text][\/et_pb_column][\/et_pb_row][\/et_pb_section]<span class=\"et_bloom_bottom_trigger\"><\/span>","protected":false},"excerpt":{"rendered":"<p>T\u00e4name. Vastame esimesel v\u00f5imalused.<\/p>\n","protected":false},"author":85,"featured_media":0,"parent":0,"menu_order":0,"comment_status":"closed","ping_status":"closed","template":"","meta":{"_et_pb_use_builder":"on","_et_pb_old_content":"","_et_gb_content_width":"","footnotes":""},"class_list":["post-305","page","type-page","status-publish","hentry"],"yoast_head":"<!-- This site is optimized with the Yoast SEO plugin v23.8 - https:\/\/yoast.com\/wordpress\/plugins\/seo\/ -->\n<title>T\u00e4nan leht - liisemberg<\/title>\n<meta name=\"robots\" content=\"index, follow, max-snippet:-1, max-image-preview:large, max-video-preview:-1\" \/>\n<link rel=\"canonical\" href=\"https:\/\/divi.webzy.pro\/liisemberg\/tanan-leht\/\" \/>\n<meta property=\"og:locale\" content=\"et_EE\" \/>\n<meta property=\"og:type\" content=\"article\" \/>\n<meta property=\"og:title\" content=\"T\u00e4nan leht - liisemberg\" \/>\n<meta property=\"og:description\" content=\"T\u00e4name. Vastame esimesel v\u00f5imalused.\" \/>\n<meta property=\"og:url\" content=\"https:\/\/divi.webzy.pro\/liisemberg\/tanan-leht\/\" \/>\n<meta property=\"og:site_name\" content=\"liisemberg\" \/>\n<meta name=\"twitter:card\" content=\"summary_large_image\" \/>\n<meta name=\"twitter:label1\" content=\"Est. reading time\" \/>\n\t<meta name=\"twitter:data1\" content=\"1 minut\" \/>\n<script type=\"application\/ld+json\" class=\"yoast-schema-graph\">{\"@context\":\"https:\/\/schema.org\",\"@graph\":[{\"@type\":\"WebPage\",\"@id\":\"https:\/\/divi.webzy.pro\/liisemberg\/tanan-leht\/\",\"url\":\"https:\/\/divi.webzy.pro\/liisemberg\/tanan-leht\/\",\"name\":\"T\u00e4nan leht - liisemberg\",\"isPartOf\":{\"@id\":\"https:\/\/divi.webzy.pro\/liisemberg\/#website\"},\"datePublished\":\"2021-09-10T16:48:47+00:00\",\"dateModified\":\"2021-09-10T16:48:47+00:00\",\"breadcrumb\":{\"@id\":\"https:\/\/divi.webzy.pro\/liisemberg\/tanan-leht\/#breadcrumb\"},\"inLanguage\":\"et\",\"potentialAction\":[{\"@type\":\"ReadAction\",\"target\":[\"https:\/\/divi.webzy.pro\/liisemberg\/tanan-leht\/\"]}]},{\"@type\":\"BreadcrumbList\",\"@id\":\"https:\/\/divi.webzy.pro\/liisemberg\/tanan-leht\/#breadcrumb\",\"itemListElement\":[{\"@type\":\"ListItem\",\"position\":1,\"name\":\"Home\",\"item\":\"https:\/\/divi.webzy.pro\/liisemberg\/\"},{\"@type\":\"ListItem\",\"position\":2,\"name\":\"T\u00e4nan leht\"}]},{\"@type\":\"WebSite\",\"@id\":\"https:\/\/divi.webzy.pro\/liisemberg\/#website\",\"url\":\"https:\/\/divi.webzy.pro\/liisemberg\/\",\"name\":\"liisemberg\",\"description\":\"J\u00e4rjekordne Website 5 minutiga veebileht\",\"potentialAction\":[{\"@type\":\"SearchAction\",\"target\":{\"@type\":\"EntryPoint\",\"urlTemplate\":\"https:\/\/divi.webzy.pro\/liisemberg\/?s={search_term_string}\"},\"query-input\":{\"@type\":\"PropertyValueSpecification\",\"valueRequired\":true,\"valueName\":\"search_term_string\"}}],\"inLanguage\":\"et\"}]}<\/script>\n<!-- \/ Yoast SEO plugin. -->","yoast_head_json":{"title":"T\u00e4nan leht - liisemberg","robots":{"index":"index","follow":"follow","max-snippet":"max-snippet:-1","max-image-preview":"max-image-preview:large","max-video-preview":"max-video-preview:-1"},"canonical":"https:\/\/divi.webzy.pro\/liisemberg\/tanan-leht\/","og_locale":"et_EE","og_type":"article","og_title":"T\u00e4nan leht - liisemberg","og_description":"T\u00e4name. Vastame esimesel v\u00f5imalused.","og_url":"https:\/\/divi.webzy.pro\/liisemberg\/tanan-leht\/","og_site_name":"liisemberg","twitter_card":"summary_large_image","twitter_misc":{"Est. reading time":"1 minut"},"schema":{"@context":"https:\/\/schema.org","@graph":[{"@type":"WebPage","@id":"https:\/\/divi.webzy.pro\/liisemberg\/tanan-leht\/","url":"https:\/\/divi.webzy.pro\/liisemberg\/tanan-leht\/","name":"T\u00e4nan leht - liisemberg","isPartOf":{"@id":"https:\/\/divi.webzy.pro\/liisemberg\/#website"},"datePublished":"2021-09-10T16:48:47+00:00","dateModified":"2021-09-10T16:48:47+00:00","breadcrumb":{"@id":"https:\/\/divi.webzy.pro\/liisemberg\/tanan-leht\/#breadcrumb"},"inLanguage":"et","potentialAction":[{"@type":"ReadAction","target":["https:\/\/divi.webzy.pro\/liisemberg\/tanan-leht\/"]}]},{"@type":"BreadcrumbList","@id":"https:\/\/divi.webzy.pro\/liisemberg\/tanan-leht\/#breadcrumb","itemListElement":[{"@type":"ListItem","position":1,"name":"Home","item":"https:\/\/divi.webzy.pro\/liisemberg\/"},{"@type":"ListItem","position":2,"name":"T\u00e4nan leht"}]},{"@type":"WebSite","@id":"https:\/\/divi.webzy.pro\/liisemberg\/#website","url":"https:\/\/divi.webzy.pro\/liisemberg\/","name":"liisemberg","description":"J\u00e4rjekordne Website 5 minutiga veebileht","potentialAction":[{"@type":"SearchAction","target":{"@type":"EntryPoint","urlTemplate":"https:\/\/divi.webzy.pro\/liisemberg\/?s={search_term_string}"},"query-input":{"@type":"PropertyValueSpecification","valueRequired":true,"valueName":"search_term_string"}}],"inLanguage":"et"}]}},"_links":{"self":[{"href":"https:\/\/divi.webzy.pro\/liisemberg\/wp-json\/wp\/v2\/pages\/305","targetHints":{"allow":["GET"]}}],"collection":[{"href":"https:\/\/divi.webzy.pro\/liisemberg\/wp-json\/wp\/v2\/pages"}],"about":[{"href":"https:\/\/divi.webzy.pro\/liisemberg\/wp-json\/wp\/v2\/types\/page"}],"author":[{"embeddable":true,"href":"https:\/\/divi.webzy.pro\/liisemberg\/wp-json\/wp\/v2\/users\/85"}],"replies":[{"embeddable":true,"href":"https:\/\/divi.webzy.pro\/liisemberg\/wp-json\/wp\/v2\/comments?post=305"}],"version-history":[{"count":3,"href":"https:\/\/divi.webzy.pro\/liisemberg\/wp-json\/wp\/v2\/pages\/305\/revisions"}],"predecessor-version":[{"id":310,"href":"https:\/\/divi.webzy.pro\/liisemberg\/wp-json\/wp\/v2\/pages\/305\/revisions\/310"}],"wp:attachment":[{"href":"https:\/\/divi.webzy.pro\/liisemberg\/wp-json\/wp\/v2\/media?parent=305"}],"curies":[{"name":"wp","href":"https:\/\/api.w.org\/{rel}","templated":true}]}}